{"id":612,"date":"2025-12-11T11:28:34","date_gmt":"2025-12-11T10:28:34","guid":{"rendered":"https:\/\/www.catala-reinon.es\/asesoria\/?page_id=612"},"modified":"2026-01-22T12:10:20","modified_gmt":"2026-01-22T11:10:20","slug":"blog-2","status":"publish","type":"page","link":"https:\/\/www.catala-reinon.es\/asesoria\/blog-2\/","title":{"rendered":"blog 2"},"content":{"rendered":"\t\t<div data-elementor-type=\"wp-page\" data-elementor-id=\"612\" class=\"elementor elementor-612\">\n\t\t\t\t<div class=\"elementor-element elementor-element-f51fdee e-flex e-con-boxed e-con e-parent\" data-id=\"f51fdee\" data-element_type=\"container\">\n\t\t\t\t\t<div class=\"e-con-inner\">\n\t\t\t\t<div class=\"elementor-element elementor-element-13022f9 elementor-widget elementor-widget-spacer\" data-id=\"13022f9\" data-element_type=\"widget\" data-widget_type=\"spacer.default\">\n\t\t\t\t\t\t\t<div class=\"elementor-spacer\">\n\t\t\t<div class=\"elementor-spacer-inner\"><\/div>\n\t\t<\/div>\n\t\t\t\t\t\t<\/div>\n\t\t\t\t<div class=\"elementor-element elementor-element-a8d4c8c elementor-widget elementor-widget-heading\" data-id=\"a8d4c8c\" data-element_type=\"widget\" data-widget_type=\"heading.default\">\n\t\t\t\t\t<h1 class=\"elementor-heading-title elementor-size-default\">Entradas de blog<\/h1>\t\t\t\t<\/div>\n\t\t\t\t\t<\/div>\n\t\t\t\t<\/div>\n\t\t<div class=\"elementor-element elementor-element-afc76b9 e-flex e-con-boxed e-con e-parent\" data-id=\"afc76b9\" data-element_type=\"container\">\n\t\t\t\t\t<div class=\"e-con-inner\">\n\t\t\t\t<div class=\"elementor-element elementor-element-2decc8e elementor-widget elementor-widget-spacer\" data-id=\"2decc8e\" data-element_type=\"widget\" data-widget_type=\"spacer.default\">\n\t\t\t\t\t\t\t<div class=\"elementor-spacer\">\n\t\t\t<div class=\"elementor-spacer-inner\"><\/div>\n\t\t<\/div>\n\t\t\t\t\t\t<\/div>\n\t\t\t\t<div class=\"elementor-element elementor-element-1d937d5 elementor-widget elementor-widget-spacer\" data-id=\"1d937d5\" data-element_type=\"widget\" data-widget_type=\"spacer.default\">\n\t\t\t\t\t\t\t<div class=\"elementor-spacer\">\n\t\t\t<div class=\"elementor-spacer-inner\"><\/div>\n\t\t<\/div>\n\t\t\t\t\t\t<\/div>\n\t\t\t\t\t<\/div>\n\t\t\t\t<\/div>\n\t\t\t\t<\/div>\n\t\t","protected":false},"excerpt":{"rendered":"<p>Entradas de blog Inspecci\u00f3n de Hacienda: qu\u00e9 hacer, qu\u00e9 no hacer y c\u00f3mo defenderte desde el primer requerimiento 22 de enero de 2026 \u00cdndice 1. Introducci\u00f3n La inspecci\u00f3n de Hacienda es un procedimiento administrativo reglado que produce efectos jur\u00eddicos desde el primer requerimiento. No se trata de una actuaci\u00f3n meramente informativa. Desde su inicio, se [&hellip;]<\/p>\n","protected":false},"author":1,"featured_media":0,"parent":0,"menu_order":0,"comment_status":"closed","ping_status":"closed","template":"","meta":{"footnotes":""},"class_list":["post-612","page","type-page","status-publish","hentry"],"yoast_head":"<!-- This site is optimized with the Yoast SEO plugin v27.3 - https:\/\/yoast.com\/product\/yoast-seo-wordpress\/ -->\n<title>blog 2 | Asesor\u00eda Catala Reinon<\/title>\n<meta name=\"robots\" content=\"index, follow, max-snippet:-1, max-image-preview:large, max-video-preview:-1\" \/>\n<link rel=\"canonical\" href=\"https:\/\/www.catala-reinon.es\/asesoria\/blog-2\/\" \/>\n<meta property=\"og:locale\" content=\"es_ES\" \/>\n<meta property=\"og:type\" content=\"article\" \/>\n<meta property=\"og:title\" content=\"blog 2 | Asesor\u00eda Catala Reinon\" \/>\n<meta property=\"og:description\" content=\"Entradas de blog Inspecci\u00f3n de Hacienda: qu\u00e9 hacer, qu\u00e9 no hacer y c\u00f3mo defenderte desde el primer requerimiento 22 de enero de 2026 \u00cdndice 1. Introducci\u00f3n La inspecci\u00f3n de Hacienda es un procedimiento administrativo reglado que produce efectos jur\u00eddicos desde el primer requerimiento. No se trata de una actuaci\u00f3n meramente informativa. Desde su inicio, se [&hellip;]\" \/>\n<meta property=\"og:url\" content=\"https:\/\/www.catala-reinon.es\/asesoria\/blog-2\/\" \/>\n<meta property=\"og:site_name\" content=\"Asesor\u00eda Catala Reinon\" \/>\n<meta property=\"article:modified_time\" content=\"2026-01-22T11:10:20+00:00\" \/>\n<meta property=\"og:image\" content=\"https:\/\/www.catala-reinon.es\/asesoria\/wp-content\/uploads\/2026\/01\/R-300x200.jpg\" \/>\n<meta name=\"twitter:card\" content=\"summary_large_image\" \/>\n<meta name=\"twitter:label1\" content=\"Tiempo de lectura\" \/>\n\t<meta name=\"twitter:data1\" content=\"8 minutos\" \/>\n<script type=\"application\/ld+json\" class=\"yoast-schema-graph\">{\"@context\":\"https:\\\/\\\/schema.org\",\"@graph\":[{\"@type\":\"WebPage\",\"@id\":\"https:\\\/\\\/www.catala-reinon.es\\\/asesoria\\\/blog-2\\\/\",\"url\":\"https:\\\/\\\/www.catala-reinon.es\\\/asesoria\\\/blog-2\\\/\",\"name\":\"blog 2 | Asesor\u00eda Catala Reinon\",\"isPartOf\":{\"@id\":\"https:\\\/\\\/www.catala-reinon.es\\\/asesoria\\\/#website\"},\"primaryImageOfPage\":{\"@id\":\"https:\\\/\\\/www.catala-reinon.es\\\/asesoria\\\/blog-2\\\/#primaryimage\"},\"image\":{\"@id\":\"https:\\\/\\\/www.catala-reinon.es\\\/asesoria\\\/blog-2\\\/#primaryimage\"},\"thumbnailUrl\":\"https:\\\/\\\/www.catala-reinon.es\\\/asesoria\\\/wp-content\\\/uploads\\\/2026\\\/01\\\/R-300x200.jpg\",\"datePublished\":\"2025-12-11T10:28:34+00:00\",\"dateModified\":\"2026-01-22T11:10:20+00:00\",\"breadcrumb\":{\"@id\":\"https:\\\/\\\/www.catala-reinon.es\\\/asesoria\\\/blog-2\\\/#breadcrumb\"},\"inLanguage\":\"es\",\"potentialAction\":[{\"@type\":\"ReadAction\",\"target\":[\"https:\\\/\\\/www.catala-reinon.es\\\/asesoria\\\/blog-2\\\/\"]}]},{\"@type\":\"ImageObject\",\"inLanguage\":\"es\",\"@id\":\"https:\\\/\\\/www.catala-reinon.es\\\/asesoria\\\/blog-2\\\/#primaryimage\",\"url\":\"https:\\\/\\\/www.catala-reinon.es\\\/asesoria\\\/wp-content\\\/uploads\\\/2026\\\/01\\\/R.jpg\",\"contentUrl\":\"https:\\\/\\\/www.catala-reinon.es\\\/asesoria\\\/wp-content\\\/uploads\\\/2026\\\/01\\\/R.jpg\",\"width\":848,\"height\":565,\"caption\":\"Businessman working at office and calculating finance, reads and writes reports. Business financial accounting concept.\"},{\"@type\":\"BreadcrumbList\",\"@id\":\"https:\\\/\\\/www.catala-reinon.es\\\/asesoria\\\/blog-2\\\/#breadcrumb\",\"itemListElement\":[{\"@type\":\"ListItem\",\"position\":1,\"name\":\"Asesor\u00eda Catal\u00e0 Rein\u00f3n\",\"item\":\"https:\\\/\\\/www.catala-reinon.es\\\/asesoria\\\/\"},{\"@type\":\"ListItem\",\"position\":2,\"name\":\"blog 2\"}]},{\"@type\":\"WebSite\",\"@id\":\"https:\\\/\\\/www.catala-reinon.es\\\/asesoria\\\/#website\",\"url\":\"https:\\\/\\\/www.catala-reinon.es\\\/asesoria\\\/\",\"name\":\"Asesor\u00eda Catala Reinon\",\"description\":\"Servicios legales de asesor\u00eda en Catal\u00e0 Rein\u00f3n\",\"publisher\":{\"@id\":\"https:\\\/\\\/www.catala-reinon.es\\\/asesoria\\\/#organization\"},\"alternateName\":\"Catala Reinon Asesor\u00eda\",\"potentialAction\":[{\"@type\":\"SearchAction\",\"target\":{\"@type\":\"EntryPoint\",\"urlTemplate\":\"https:\\\/\\\/www.catala-reinon.es\\\/asesoria\\\/?s={search_term_string}\"},\"query-input\":{\"@type\":\"PropertyValueSpecification\",\"valueRequired\":true,\"valueName\":\"search_term_string\"}}],\"inLanguage\":\"es\"},{\"@type\":\"Organization\",\"@id\":\"https:\\\/\\\/www.catala-reinon.es\\\/asesoria\\\/#organization\",\"name\":\"Asesor\u00eda Catala Reinon\",\"alternateName\":\"Catala Reinon Asesor\u00eda\",\"url\":\"https:\\\/\\\/www.catala-reinon.es\\\/asesoria\\\/\",\"logo\":{\"@type\":\"ImageObject\",\"inLanguage\":\"es\",\"@id\":\"https:\\\/\\\/www.catala-reinon.es\\\/asesoria\\\/#\\\/schema\\\/logo\\\/image\\\/\",\"url\":\"https:\\\/\\\/www.catala-reinon.es\\\/asesoria\\\/wp-content\\\/uploads\\\/2025\\\/04\\\/logo.png\",\"contentUrl\":\"https:\\\/\\\/www.catala-reinon.es\\\/asesoria\\\/wp-content\\\/uploads\\\/2025\\\/04\\\/logo.png\",\"width\":200,\"height\":200,\"caption\":\"Asesor\u00eda Catala Reinon\"},\"image\":{\"@id\":\"https:\\\/\\\/www.catala-reinon.es\\\/asesoria\\\/#\\\/schema\\\/logo\\\/image\\\/\"}}]}<\/script>\n<!-- \/ Yoast SEO plugin. -->","yoast_head_json":{"title":"blog 2 | Asesor\u00eda Catala Reinon","robots":{"index":"index","follow":"follow","max-snippet":"max-snippet:-1","max-image-preview":"max-image-preview:large","max-video-preview":"max-video-preview:-1"},"canonical":"https:\/\/www.catala-reinon.es\/asesoria\/blog-2\/","og_locale":"es_ES","og_type":"article","og_title":"blog 2 | Asesor\u00eda Catala Reinon","og_description":"Entradas de blog Inspecci\u00f3n de Hacienda: qu\u00e9 hacer, qu\u00e9 no hacer y c\u00f3mo defenderte desde el primer requerimiento 22 de enero de 2026 \u00cdndice 1. Introducci\u00f3n La inspecci\u00f3n de Hacienda es un procedimiento administrativo reglado que produce efectos jur\u00eddicos desde el primer requerimiento. No se trata de una actuaci\u00f3n meramente informativa. Desde su inicio, se [&hellip;]","og_url":"https:\/\/www.catala-reinon.es\/asesoria\/blog-2\/","og_site_name":"Asesor\u00eda Catala Reinon","article_modified_time":"2026-01-22T11:10:20+00:00","og_image":[{"url":"https:\/\/www.catala-reinon.es\/asesoria\/wp-content\/uploads\/2026\/01\/R-300x200.jpg","type":"","width":"","height":""}],"twitter_card":"summary_large_image","twitter_misc":{"Tiempo de lectura":"8 minutos"},"schema":{"@context":"https:\/\/schema.org","@graph":[{"@type":"WebPage","@id":"https:\/\/www.catala-reinon.es\/asesoria\/blog-2\/","url":"https:\/\/www.catala-reinon.es\/asesoria\/blog-2\/","name":"blog 2 | Asesor\u00eda Catala Reinon","isPartOf":{"@id":"https:\/\/www.catala-reinon.es\/asesoria\/#website"},"primaryImageOfPage":{"@id":"https:\/\/www.catala-reinon.es\/asesoria\/blog-2\/#primaryimage"},"image":{"@id":"https:\/\/www.catala-reinon.es\/asesoria\/blog-2\/#primaryimage"},"thumbnailUrl":"https:\/\/www.catala-reinon.es\/asesoria\/wp-content\/uploads\/2026\/01\/R-300x200.jpg","datePublished":"2025-12-11T10:28:34+00:00","dateModified":"2026-01-22T11:10:20+00:00","breadcrumb":{"@id":"https:\/\/www.catala-reinon.es\/asesoria\/blog-2\/#breadcrumb"},"inLanguage":"es","potentialAction":[{"@type":"ReadAction","target":["https:\/\/www.catala-reinon.es\/asesoria\/blog-2\/"]}]},{"@type":"ImageObject","inLanguage":"es","@id":"https:\/\/www.catala-reinon.es\/asesoria\/blog-2\/#primaryimage","url":"https:\/\/www.catala-reinon.es\/asesoria\/wp-content\/uploads\/2026\/01\/R.jpg","contentUrl":"https:\/\/www.catala-reinon.es\/asesoria\/wp-content\/uploads\/2026\/01\/R.jpg","width":848,"height":565,"caption":"Businessman working at office and calculating finance, reads and writes reports. Business financial accounting concept."},{"@type":"BreadcrumbList","@id":"https:\/\/www.catala-reinon.es\/asesoria\/blog-2\/#breadcrumb","itemListElement":[{"@type":"ListItem","position":1,"name":"Asesor\u00eda Catal\u00e0 Rein\u00f3n","item":"https:\/\/www.catala-reinon.es\/asesoria\/"},{"@type":"ListItem","position":2,"name":"blog 2"}]},{"@type":"WebSite","@id":"https:\/\/www.catala-reinon.es\/asesoria\/#website","url":"https:\/\/www.catala-reinon.es\/asesoria\/","name":"Asesor\u00eda Catala Reinon","description":"Servicios legales de asesor\u00eda en Catal\u00e0 Rein\u00f3n","publisher":{"@id":"https:\/\/www.catala-reinon.es\/asesoria\/#organization"},"alternateName":"Catala Reinon Asesor\u00eda","potentialAction":[{"@type":"SearchAction","target":{"@type":"EntryPoint","urlTemplate":"https:\/\/www.catala-reinon.es\/asesoria\/?s={search_term_string}"},"query-input":{"@type":"PropertyValueSpecification","valueRequired":true,"valueName":"search_term_string"}}],"inLanguage":"es"},{"@type":"Organization","@id":"https:\/\/www.catala-reinon.es\/asesoria\/#organization","name":"Asesor\u00eda Catala Reinon","alternateName":"Catala Reinon Asesor\u00eda","url":"https:\/\/www.catala-reinon.es\/asesoria\/","logo":{"@type":"ImageObject","inLanguage":"es","@id":"https:\/\/www.catala-reinon.es\/asesoria\/#\/schema\/logo\/image\/","url":"https:\/\/www.catala-reinon.es\/asesoria\/wp-content\/uploads\/2025\/04\/logo.png","contentUrl":"https:\/\/www.catala-reinon.es\/asesoria\/wp-content\/uploads\/2025\/04\/logo.png","width":200,"height":200,"caption":"Asesor\u00eda Catala Reinon"},"image":{"@id":"https:\/\/www.catala-reinon.es\/asesoria\/#\/schema\/logo\/image\/"}}]}},"_links":{"self":[{"href":"https:\/\/www.catala-reinon.es\/asesoria\/wp-json\/wp\/v2\/pages\/612","targetHints":{"allow":["GET"]}}],"collection":[{"href":"https:\/\/www.catala-reinon.es\/asesoria\/wp-json\/wp\/v2\/pages"}],"about":[{"href":"https:\/\/www.catala-reinon.es\/asesoria\/wp-json\/wp\/v2\/types\/page"}],"author":[{"embeddable":true,"href":"https:\/\/www.catala-reinon.es\/asesoria\/wp-json\/wp\/v2\/users\/1"}],"replies":[{"embeddable":true,"href":"https:\/\/www.catala-reinon.es\/asesoria\/wp-json\/wp\/v2\/comments?post=612"}],"version-history":[{"count":13,"href":"https:\/\/www.catala-reinon.es\/asesoria\/wp-json\/wp\/v2\/pages\/612\/revisions"}],"predecessor-version":[{"id":795,"href":"https:\/\/www.catala-reinon.es\/asesoria\/wp-json\/wp\/v2\/pages\/612\/revisions\/795"}],"wp:attachment":[{"href":"https:\/\/www.catala-reinon.es\/asesoria\/wp-json\/wp\/v2\/media?parent=612"}],"curies":[{"name":"wp","href":"https:\/\/api.w.org\/{rel}","templated":true}]}}